0
Calculate the remainder when 24/10*350/20 is divided by 15.
12
Suppose -5 = 4*p - 3*o + 2, 4*p = o + 3. Suppose 3*y = 3*b - 36, -y = -p*b - 3*y + 8. Calculate the remainder when 21 is divided by b.
5
Let c = 21 - 13. Suppose -2*r + 18 + c = 0. Calculate the remainder when (-230)/(-6) - (-1)/(-3) is divided by r.
12
Let d be (-6)/(-33) - 6/33. Let s be (-7)/(-5) - (-2)/(-5). Let t = s - d. What is the remainder when t is divided by 1?
0
Let d = 75 - 40. Let n(v) = -3*v - 15. Calculate the remainder when d is divided by n(-8).
8
Let m = -5 - -17. Suppose -2*t + 35 = -t. What is the remainder when t is divided by m?
11
Suppose 7 + 35 = 3*k. Calculate the remainder when 67 is divided by k.
11
Let a be (6 - 3)/(9/21). Let w = 9 - a. Suppose -w = -z - 0. Calculate the remainder when 2 is divided by z.
0
Suppose -2*s - 2*s = 3*v - 155, 3*v - 159 = -3*s. What is the remainder when v is divided by 30?
27
Let d = -129 - -131. What is the remainder when (4/10)/(1/5) is divided by d?
0
Let i = 11 + 116. Calculate the remainder when i is divided by 32.
31
Suppose -3*i + 0*i - 3 = -u, 0 = 3*u + 2*i + 2. Suppose -4*f + u*f = -248. What is the remainder when f is divided by 16?
14
Let f(x) = 2*x**2 - x - 9. Suppose -5*k + k + 276 = 4*y, 2*y - 150 = k. Calculate the remainder when y is divided by f(4).
16
Let m(q) = -2*q + 2. Let u be m(-3). Suppose -u = t + t. What is the remainder when 346/14 + t/(-14) is divided by 9?
7
Let h(q) = -3*q + 3. Let i be h(6). Let m = 6 - i. Suppose 3*b = -0*b + m. Calculate the remainder when 13 is divided by b.
6
Let t be 6/6 + 2/2. Let i(y) = y**3 - y + 5*y**2 + 2*y**2 + t*y - 1. What is the remainder when i(-6) is divided by 10?
9
Let z = 18 + -9. What is the remainder when 16 is divided by z?
7
Let y = 40 - 18. Calculate the remainder when 65 is divided by y.
21
Suppose l = -4*b + 41, b + 3*l = -3*b + 43. Calculate the remainder when 14 is divided by b.
4
Let q = 3 - 4. Let o = q - -2. Suppose -r = -o - 21. What is the remainder when r is divided by 8?
6
Let v(q) = -q**3 + 7*q**2 + 4*q - 26. What is the remainder when 64 is divided by v(6)?
30
Let w(k) = k**3 - 7*k**2 + 7*k + 4. Calculate the remainder when w(7) is divided by 18.
17
Let a be (-15)/(-9) - (-6)/(-9). Let i be (a/2)/(3/72). Suppose 4*r - i = 200. Calculate the remainder when r is divided by 27.
26
Suppose -3*p = -2*s - 1 - 42, 5*p = -2*s + 61. Calculate the remainder when p is divided by 4.
1
Suppose -3*t - 5*s = 3 - 9, 4*t = -4*s + 16. Calculate the remainder when 20 is divided by t.
6
Let u(a) = a + 4. Let f be u(-8). Let d(z) = -z**3 - 3*z**2 + z. Calculate the remainder when -2 + -2 + (-156)/(-4) is divided by d(f).
11
Let z be 65/25 - 3/5. Suppose -3*n = -y - 161, -z*n + n + 51 = y. Let b = n - 12. What is the remainder when b is divided by 14?
13
Calculate the remainder when 122 is divided by (466/12 - -2) + 2/12.
40
Let x = 3 + -8. Let w = 9 - x. Calculate the remainder when (-354)/(-9) - (-2)/3 is divided by w.
12
Let v(d) be the second derivative of -d**4/12 + 7*d**3/6 - 5*d. What is the remainder when 29 is divided by v(5)?
9
Let o(h) = -h - 2. Let z be o(-4). Suppose 2*t - 18 = -z. What is the remainder when t is divided by 4 - (1 + -2 + 0)?
3
Let p = 3 + 8. What is the remainder when 42 is divided by p?
9
Suppose d + 0*d - 9 = -3*k, 8 = 2*d - 4*k. Suppose 3*p + 2*p = 50. Calculate the remainder when d is divided by (-5)/(p/(-6)) - -1.
2
Suppose 6 = 2*b - 2*j, 0 = 2*b - 5*b + j + 7. Suppose b*l = -2 + 14. What is the remainder when 16 is divided by l?
4
Let n(r) = -2*r - 3. Let k = 8 - 6. What is the remainder when n(-5) is divided by k?
1
Let a = 16 + -1. Suppose 2*v - 4*v + 18 = 0. Calculate the remainder when a is divided by v.
6
Calculate the remainder when 5 is divided by (10 + -2)*(-3)/(-6).
1
What is the remainder when 1/(-4) + (-162)/(-8) is divided by (-3 + 4)*14/2?
6
Let k(g) = -g**3 + 4*g**2 + 5*g + 3. Let b be k(5). Let z(o) = -3*o - o + 26*o**2 + b*o + 1. Calculate the remainder when z(1) is divided by 9.
8
Calculate the remainder when 6 is divided by (-5)/(-2)*(-18)/(-15).
0
Let d be (-40)/16*(-4)/5. Suppose d*w = -3*w + 115. Suppose -5*t - w - 22 = -l, 0 = -4*l - 4*t + 132. Calculate the remainder when l is divided by 9.
8
Let c(y) = 64*y**3 + 2*y**2 - y. Let z be c(1). Let w(t) = 2*t**2 - t - 1. Let o be w(2). Suppose 0*n = o*n - z. What is the remainder when n is divided by 8?
5
Suppose -p - 1 = -7. Let d(b) = 7*b**2 + b + 4*b**2 - 2*b - 2*b**2. Calculate the remainder when d(-1) is divided by p.
4
Let r(d) be the third derivative of 0 + 1/30*d**5 + 0*d + 0*d**4 - 2*d**2 - 7/6*d**3. What is the remainder when r(5) is divided by 15?
13
Suppose -2*b + 4*b - 28 = -4*c, -2*c + 5*b = 10. Suppose 0 = -4*j - c*a + 66, j - 17 = -2*a + 1. Calculate the remainder when j is divided by 8.
6
Let b = -32 + 59. Suppose 1 + 4 = h, 0 = -3*x - 3*h + b. What is the remainder when 15 is divided by 6 + (x - 2 - 0)?
7
Calculate the remainder when 21 is divided by (-24)/(-3) - -2 - -1.
10
What is the remainder when 0 - -30 - 39/(-13) is divided by (12/5)/((-3)/(-15))?
9
Let n = 10 - 10. Calculate the remainder when n + 12/4 + 25 is divided by 10.
8
What is the remainder when 115 is divided by 1*(-12 + 6)/((-3)/12)?
19
Let l(b) = 2*b**2 + 8*b - 14. What is the remainder when 81 is divided by l(-7)?
25
Let k = 39 - 109. Let w = -43 - k. What is the remainder when w is divided by 3/(((-6)/10)/(-3))?
12
Suppose -4*b = b - 4*r - 31, 4*b + 8 = -5*r. Let s = 16 - 10. What is the remainder when s is divided by b?
0
Suppose -a + 3*h + 2 = 0, 10 = 2*a + 3*a - 2*h. Calculate the remainder when 7 is divided by a.
1
Suppose 0 = 3*v - 12, -4*h - 4*v = -86 + 22. Suppose -4*u = -5*u + 7. What is the remainder when h is divided by u?
5
Let a = -4 - -9. Let x(m) = 6*m + 5. Calculate the remainder when x(a) is divided by 12.
11
Suppose 0*q - 3*q = -9. Suppose f - q*f + 8 = 0. Calculate the remainder when 7 is divided by f.
3
Let r = 9 - 5. Suppose d - 4*f - 14 = 0, 5*f = 2*d - 3*d - 4. Calculate the remainder when d is divided by r.
2
Suppose -4*k = -2*a - 64, -2*a = -2*k + 2*a + 44. Suppose 0*z - k = -2*z. Calculate the remainder when 25 is divided by z.
4
Let p be ((-24)/(-20))/((-2)/(-40)). Suppose 3*j - p = -2*d, -78 = -2*d - 3*d - 3*j. What is the remainder when 53 is divided by d?
17
Calculate the remainder when 28 is divided by (4 - (-25)/(-5))*-10.
8
Let z(v) = -v**3 - 5*v**2 + 5*v - 4. What is the remainder when z(-6) is divided by 2?
0
Suppose 6*j - 91 = j - b, -j - 3*b = -7. What is the remainder when 36 is divided by j?
17
Let i = -20 + 33. What is the remainder when 38 is divided by i?
12
Let r(s) = -s**3 - s**2 + s + 24. Let j be r(0). What is the remainder when 34 is divided by j*(2 - 3/2)?
10
Let m(h) = 2*h. Let v be m(-3). Let n = v - -10. Let f(d) = -d**3 + 9*d**2 + 9*d + 13. Calculate the remainder when n is divided by f(10).
1
Let x = -24 - -58. Calculate the remainder when x is divided by 12.
10
Let f(v) = -2*v - 10. Let b be f(-5). What is the remainder when (b + 9)/(2/4) is divided by 10?
8
Suppose 5*f + 2*y - 2 - 43 = 0, -3*y = 0. What is the remainder when 16 is divided by f?
7
Let k(l) = 4*l + 1. What is the remainder when 8 is divided by k(1)?
3
Suppose -8*y + 32 = -4*y. Suppose 5*s - 2*u - 80 = 0, 5*s - 65 = 4*u - 5*u. Calculate the remainder when s is divided by y.
6
Suppose -3*c + 0*c = -2*m - 21, c - 14 = 3*m. Suppose 195 = -0*l + c*l. What is the remainder when l is divided by 14?
11
Let j = 23 + -12. Suppose -35 + j = -s + l, -2*l + 32 = 2*s. Calculate the remainder when s is divided by 7.
6
Let g(h) = 2*h - 3. Let m be g(4). What is the remainder when 2 is divided by (m/10)/((-2)/(-4))?
0
Suppose -4*b = -b + 3*y, 0 = -5*b + 4*y + 36. What is the remainder when (-5)/(-10) + 58/4 is divided by b?
3
Let f be (-4)/4 - -1 - -4. Suppose 22 = a - d, 6*d = 2*d - f. Calculate the remainder when 82 is divided by a.
19
What is the remainder when 87 is divided by 2/15 - (-1968)/90?
21
Let i(v) = -v**2 + 34. Let p be i(0). Suppose -2*t + 10 = 0, t - p - 16 = -3*b. Let c = 94 - 65. What is the remainder when c is divided by b?
14
Suppose -5 = -i + 2. Let n = 0 + 2. Calculate the remainder when 19 is divided by -2*(-1)/n*i.
5
Let t(h) = -h**3 + 9*h